88 = 0. Let f = 130 + i. Let m = f + -20. What is the units digit of m?
2
What is the units digit of -3*1*8456/(-84)?
2
Let p = -22 + 40. Suppose p = 4*n + 2*w, n - 2*w - 1 = -9. Suppose n = -l + 4*s + 13, -l + 2*s + 15 = 0. What is the tens digit of l?
1
Let f(g) = -2*g - 6. Let i(h) = -h**2 + 7*h - 13. Let c be i(7). What is the tens digit of f(c)?
2
Suppose 0 = 4*u - 4*v - 2236, -5*u + 3362 - 527 = 3*v. What is the tens digit of u?
6
Let y(z) = -24*z - 454. What is the units digit of y(-27)?
4
What is the tens digit of (-6435)/(-35)*1 + 1/7?
8
Suppose 22*l + 192 = 26*l. Suppose -10 = -4*u - 2*n + 180, -u - n = -l. What is the tens digit of u?
4
Let j(s) = -2*s**3 + 7*s**2 - 24*s + 7. Let x be j(5). Let l = x - -361. What is the hundreds digit of l?
1
Let s = -5 - -1. Let q(w) = -w**3 - 4*w**2 - 2*w + 2. Let k be q(s). What is the units digit of 194/22 - k/(-55)?
9
Suppose -184282 = -57*o - 18754. What is the thousands digit of o?
2
Suppose 0 = -4*r + 3*s - 1601 + 13880, 4*s - 6112 = -2*r. What is the units digit of r?
6
Suppose -3*v - 4*p - 11 = 0, -v = -3*v + 5*p + 31. Let w = 2 - v. What is the units digit of ((-2)/(-2))/(w/(-5))?
5
Suppose -7 = -12*w + 13*w. Let u(m) = m**3 + 6*m**2 - 6*m + 9. Let h be u(w). Suppose 0 = 4*g - 4*t - 140, h*g - 54 - 7 = -t. What is the tens digit of g?
3
Let o(n) = 229*n - 48. What is the tens digit of o(2)?
1
Let f = 2113 + -1476. What is the hundreds digit of f?
6
Let w = 3306 + -2220. What is the thousands digit of w?
1
What is the tens digit of (-17 + (-2 - 4))*-3?
6
Let x = 105 - 48. What is the units digit of x?
7
Suppose -2*l + 3*u = 1 + 6, 3*l + 2*u = 22. Suppose 8*n - 80 = l*n. Suppose -3 + 48 = 3*r + 3*z, 0 = -r + 4*z + n. What is the tens digit of r?
1
Suppose -4*v + 2928 + 396 = -4*d, 0 = 2*d + 4. What is the units digit of v?
9
Let g = -131 - -287. Let w be 5328/g + 2/(-13). What is the units digit of w/(4/8*4)?
7
Let l = -25 + 33. Suppose -3*h + 2*h = n - l, 0 = -2*n + 2*h + 4. What is the units digit of n?
5
What is the tens digit of ((-31)/(-1))/((-58)/(-1160))?
2
Let w = -2658 - -4585. What is the units digit of w?
7
Let o = 610 - 154. What is the hundreds digit of o?
4
Suppose h + 4*h = -2*m - 388, 4*h + 288 = 4*m. Let f = h + 130. What is the units digit of (4 + f/(-15))*105?
2
Let s = -43 + 151. Suppose -s = -6*c - 0*c. What is the units digit of c?
8
Suppose -15*l = -6*l - 18. Suppose -376 = -4*d - w, l*d + 0*d = 4*w + 188. What is the units digit of d?
4
What is the hundreds digit of (-169902)/(-126) - (-16)/28?
3
Suppose -5*n = 3*h, -7*h = -2*n - 9*h. Suppose n = 3*q - 6*q + 759. What is the tens digit of q?
5
Let x be 70/(-4)*(-4)/(-5). Suppose 0*n - 23 = s + 4*n, 2*s + 64 = -2*n. Let l = x - s. What is the units digit of l?
1
What is the tens digit of (-1 - 12738/(-26)) + (-56)/(-728)?
8
Let g = -56 - -13. What is the units digit of (-1)/(2/6) + (5 - g)?
5
Let i(o) = -o**3 - 7*o**2 + 3*o - 13. Let h be i(-6). Let z = h + 145. What is the units digit of z?
8
Let p(w) = w - 16. Let f be p(8). What is the tens digit of 1*f/12*-57?
3
Let q(k) = 2*k**2 + 4*k + 3. Let x be q(-2). Let a be (x - 1)*(-1)/(-2). What is the tens digit of 1/((-84)/86 + a)?
4
Let z be -21 + 2 + 12/3. What is the units digit of 200/z*15/(-4)?
0
What is the units digit of (-524)/(-2) - 5 - 5?
2
Suppose -5*t = -f - 3*f - 2607, 2610 = 5*t - 5*f. What is the units digit of t?
9
Let u = 11 - 13. Let z be (7 - 2 - 1) + u. Suppose z*f - f - 5*g = 42, f + g = 18. What is the tens digit of f?
2
Let h(f) = -f**3 - 6*f**2 + 7*f + 7. Suppose 0*d - d = 7. Let i be h(d). Suppose -3*u + 35 + i = 0. What is the units digit of u?
4
Let o(a) be the second derivative of a**4/12 + a**3/3 - a**2/2 - a. Let s be (9 + -6)/(-5 + 4). What is the units digit of o(s)?
2
Let y(p) = 3*p**3 - 4*p**2 - p + 2. Let x be y(5). Suppose 0 = 21*i - 23*i + x. What is the units digit of i?
6
Let a(n) = n**3 + 4*n**2 - 6*n + 21. Let k be a(-7). What is the units digit of ((-357)/k)/((-1)/(-8))?
4
Let p = -3 - 1. Let b be 14 + 4/2 + p. What is the units digit of (12/7)/(b/84)?
2
Let d(p) = 39*p + 9. Suppose -4*h = -5*o - 11, h = -4*h + o + 19. Let c be d(h). Suppose 4*q - c = -q. What is the units digit of q?
3
Let y(p) be the second derivative of -2*p**3/3 - p**2/2 + 2*p. Suppose -3*v + 2*m = 5, 3 = -5*v - m - 14. What is the tens digit of y(v)?
1
Let r = -2188 - -2716. What is the hundreds digit of r?
5
Let d = -15 - -18. Suppose z = -4*o + d*z + 222, -2*o = -5*z - 91. What is the tens digit of o?
5
Let g(i) = 6*i + 6*i + 43 + i + i. What is the tens digit of g(7)?
4
Let x(w) = 2*w**2 - 6. Let s = 42 + -36. What is the tens digit of x(s)?
6
Let g(k) = 1 - 2*k + 0*k + k - 3. Let f be g(-4). What is the tens digit of 110/9 + f/(-9)?
1
Suppose -5*r - 5*u + 42 = -r, -5*r + 32 = -4*u. Let h = 11 - r. What is the tens digit of 0 - ((-31 - 1) + h)?
2
Suppose 6 = 2*n - 0*n. Suppose -j - n*a + 117 = 4*j, 0 = -5*a - 5. Let s = j + -13. What is the units digit of s?
1
Let i be (2*-98)/4 + -1. Let l = i + 127. What is the units digit of l?
7
Let y(q) = -q**3 - 12*q**2 - 7*q - 23. Let h be y(-13). Let k = -60 + h. What is the hundreds digit of k?
1
Suppose -5 + 1 = f, 5*j + 26 = f. What is the tens digit of (586/6 - -3)/((-4)/j)?
5
Let o(y) = y**2 - 4*y + 74. What is the tens digit of o(-26)?
5
Let m = -393 - -725. Suppose 0 = -3*c + 5*b + m, -5*c - 170 + 730 = -5*b. What is the tens digit of c?
1
What is the tens digit of (4 - -1) + (737 - (-15)/(-3))?
3
Suppose -n - 3*m + 28 = 3*n, 0 = -2*n - 5*m + 14. Suppose n = z - 4. What is the units digit of (-1162)/(-22) + 2/z?
3
Let x be (3 + 3)/((-3)/(-4)). Suppose -a - x = -2*n - 5*a, 2*a - 2 = 0. Suppose -n*t = h - t - 7, -5*h + 53 = -t. What is the units digit of h?
0
What is the thousands digit of ((-10028)/69)/((-4)/66)?
2
What is the units digit of (132/88)/((-1)/(-1334))?
1
Suppose 0 = 11*q - 12*q + 3. Let i(s) = 44*s + 7. What is the hundreds digit of i(q)?
1
Suppose 4*v - 16 = -0*v + 2*t, -5*v = 5*t - 20. Suppose v*c = 38 + 74. What is the tens digit of c?
2
Suppose c = -t + 79, 0 = -t - 5*c + 6 + 61. What is the units digit of t?
2
Let f = -1289 + 3100. What is the units digit of f?
1
Let y be 1 + 2/(-6)*3. Suppose 3*c - 6 = -y. Suppose 45 + 83 = c*z. What is the units digit of z?
4
Let h(q) = -q**2 - 12*q - 12. Let p = 19 - 17. Suppose a = -s - 12, -p*s = 4*a - 5*s + 20. What is the units digit of h(a)?
0
Let l(d) = -d. Let g be l(1). Let h(t) be the second derivative of -5*t**5/4 - t**4/6 + t**2/2 + 13*t. What is the tens digit of h(g)?
2
Let o be 3/6 - (-9)/6. Suppose 161 = 2*h - 3*y, o*h = 3*y - 6*y + 131. What is the tens digit of h?
7
Let a be 7/5 - 3/(-5). Suppose 91 + 53 = a*q. What is the units digit of q?
2
Let k = -40 + 16. Let z be (k/(-16))/((-2)/(-120)). Suppose -8*a + 2*a = -z. What is the tens digit of a?
1
Suppose 0 = -3*y + 7 - 1. Suppose 0 = -3*m + 8 - y. Suppose h - m*h = -33. What is the tens digit of h?
3
Let n(v) = 5 - 10*v + 118*v - 7 - 22*v. What is the units digit of n(2)?
0
Suppose -21*o - 6*o + 45306 = 0. What is the hundreds digit of o?
6
Let w = 963 + -335. What is the tens digit of w?
2
Let o(j) = j**3 + 4*j**2 + 3*j. Let k be o(-3). Suppose k = 2*g + 2, -4*n - 5*g = -7*n + 167. What is the tens digit of n?
5
Let p(u) = -43*u**3 + 3*u**2 + 3*u + 1. Let v be p(-1). Suppose -38*x - 1014 = -v*x. What is the tens digit of x?
6
Let d(p) = p**3 + 13*p**2 - 4*p + 17. What is the tens digit of d(-9)?
7
Let q = 569 + 585. What is the units digit of q?
4
Suppose 4*q + y = 3*y + 24, 2*q + 4 = -3*y. Suppose q*w + 82 = -i + 2*i, -i + 3*w = -79. What is the units digit of i?
0
Let g(i) = -4*i - 165*i**3 + 82*i**3 - 11 + 84*i**3 - 2*i - 7*i**2. What is the tens digit of g(9)?
9
Suppose 0 = 4*u - 4*h - 1028, 105 = -4*u - 3*h + 1126. What is the hundreds digit of u?
2
Suppose 0 = 4*t + u - 2825, t - 711 = 10*u - 15*u. What is the units digit of t?
6
Let m be 1/(((-3)/(-732))/(7/4)). Suppose 2*x - 127 = -2*n + m, 4*x - 1114 = 2*n. What is the hundreds digit of x?
2
Let x(r) = r**2 + r + 2. Let w be x(-4). Let h(v) = -v**3 - 8*v**2 - 2*v + 8. Let j be h(-8). Let o = j - w. What is the tens digit of o?
1
Suppose -184 = 3*i + f - 1724, 4*f - 1552 = -3*i. What is the hundreds digit of i?
5
Let t